+ 534. List the prime factors of t.
2, 131
Let n(d) = 6*d**2 + 5*d + 4. Let x(b) = -2*b. Let h be x(-3). Let l be 5/((-10)/h) - -1. List the prime factors of n(l).
2, 3
Let s be 5/(0 + 5)*3. Suppose 116 = 3*u + 4*f, -25 = -2*f - s*f. What are the prime factors of u?
2
Let d(w) = 4*w - 45. Let b be d(12). Suppose 2*j + a - 318 = -b*a, a = 3*j - 442. What are the prime factors of j?
149
Suppose v + 6*z - 1201 = 0, 4752 = 16*v - 12*v - 2*z. What are the prime factors of v?
29, 41
Suppose a + 3*a + 7 = -5*q, -5*q + 4*a + 17 = 0. Suppose -q = 5*t - 181. What are the prime factors of t?
2, 3
Suppose 2*y - 8*u = -4*u - 176, 0 = 3*y + 2*u + 272. Let c = -58 - y. Suppose -2*d = -5*z - 73, c - 132 = -5*d - 4*z. What are the prime factors of d?
2, 3
Suppose 1 = -26*f + 25*f. What are the prime factors of (4/(-8))/(f/174)?
3, 29
Let i be 30/6 + (1 - -3). Let j = i + 0. Let p(d) = -d**3 + 10*d**2 - 6*d + 10. What are the prime factors of p(j)?
37
Let u = -1994 + 5879. List the prime factors of u.
3, 5, 7, 37
Let b = 25 - 18. Suppose -5*m + b + 3 = 0. List the prime factors of m.
2
What are the prime factors of 2 - -6*(-1 - -14)?
2, 5
Let q(i) = -i**3 + 7*i - 3. Let h be q(3). List the prime factors of (-190)/45 + 4 + (-317)/h.
5, 7
Let p(c) = 63*c**3 + 4*c**2 - 2*c. Let f(s) = s**2 - 3*s - 3. Let r be f(4). List the prime factors of p(r).
5, 13
Let n(v) = 15*v**2 + v - 1. Suppose f = 1 - 0. What are the prime factors of n(f)?
3, 5
Let u(z) = -5 + 0 + 3*z**2 - 6*z + 11*z. Let p be u(-6). Let y = -31 + p. What are the prime factors of y?
2, 3, 7
Let b(s) = -s**3 - 8*s**2 + 4*s - 9. Let a(t) = -1. Let o(p) = 2*a(p) + b(p). Let y be o(-9). Suppose 2*d - y = -0*d. List the prime factors of d.
17
List the prime factors of (-2)/4 + (161910/(-36))/(-35).
2
List the prime factors of 1 - (-153)/(-6)*-22.
2, 281
What are the prime factors of (-18)/(-12) - 19710/(-12)?
2, 3, 137
Let m = 102 + -89. Suppose -1 + m = 3*h. What are the prime factors of h?
2
Let o(u) = -10*u - 58. Suppose 121 = -7*j - 54. What are the prime factors of o(j)?
2, 3
Suppose -3*k = 3*b + 13 - 484, -5*k + 809 = -b. List the prime factors of k.
7, 23
Let n(i) = -i**3 - 5*i**2 - i - 5. Let d be n(-6). Let g = d + 41. Let x = g + -31. List the prime factors of x.
47
Let j = -29 + 69. Let v = 71 - j. List the prime factors of v.
31
Let a(q) = q**3 - 10*q**2 + 20*q + 6. Let n be a(9). Suppose -7*u = -6*u - n. What are the prime factors of u?
3, 5, 7
Let p(w) = -w + 9. Let a be p(5). List the prime factors of -1 - (-57 - a) - 2.
2, 29
Suppose -2*t + 147 = -3*o, -4*t - 4*o = -213 - 131. List the prime factors of t - ((3 - 2) + -2).
2, 41
Suppose 0 = -5*w + 5*f + 6200, -w + f + 2*f + 1250 = 0. List the prime factors of w.
5, 13, 19
Suppose 4*x = -2 + 6. Let l be (-66)/15 + 2/5. List the prime factors of (38/(-8))/(x/l).
19
Let d(y) = -y + 20. Let v = 23 + -17. What are the prime factors of d(v)?
2, 7
Suppose 0 = 23*l - 90 - 117. Suppose 4*q + 2*o - 16 - 6 = 0, 3*o - 5 = q. Suppose -l*j + 55 = -q*j. List the prime factors of j.
11
Suppose -5*w = 3*i - 0*i - 1951, -5*w + 3*i = -1939. List the prime factors of w.
389
Let u(w) = w**3 + 4*w**2 - 8*w - 5. Let i be u(-5). Let d = i + -24. List the prime factors of (-4)/(-6)*(-483)/d.
23
Suppose -i = 2*i + 4*k - 272, -10 = -2*k. Suppose 4 = -v, 1512 - i = 5*j - 2*v. List the prime factors of j.
2, 71
Suppose -12*z + 2*v = -16*z + 9104, 5*v = -4*z + 9098. List the prime factors of z.
3, 11, 23
Suppose 2*d - 2 = 3*d, 0 = u - 2*d - 9. Suppose 4*l - 349 = -2*h - 91, -5*h = -u*l - 600. What are the prime factors of h?
3, 41
Let i(s) = -s**3 + 5*s**2 - 4. Let p be 6 + -3 + -2 - 1. Suppose p = -0*m - 3*m + 12. What are the prime factors of i(m)?
2, 3
Let y = 17 + -30. Let a = y + 101. List the prime factors of a.
2, 11
Suppose -4*n + 2*r + 4532 = 0, 0 = n - 2*r - 3*r - 1142. Suppose 0 = 5*v - n + 167. What are the prime factors of v?
193
Suppose -5*p + 4*l - 53 = 0, -p + l = 3*l + 5. Let t(q) = 5*q + 2. Let g(b) = 5*b + 1. Let w(v) = -5*g(v) + 4*t(v). What are the prime factors of w(p)?
2, 3
Let l(v) = 2*v**2 - 4*v + 27. Let o = 131 - 120. List the prime factors of l(o).
3, 5
Let r(h) = -3*h. Let f(i) = -i**2 - 3*i + 5. Let q be f(2). What are the prime factors of r(q)?
3, 5
Let b(w) = w**3 + 10*w**2 + 6*w - 13. Let l be b(-6). Suppose 12*x = 7*x - l. Let k = x + 27. List the prime factors of k.
2
Suppose 0 = -4*a - 3*x + 9 + 3, 0 = -2*a - 5*x + 6. Suppose -a*d = -4*d + 328. List the prime factors of (1/4)/(2/d).
41
Suppose -12*h - 3986 = -14*h - 2*z, -1989 = -h - 2*z. List the prime factors of h.
1997
List the prime factors of (6 + (-130)/39)/(1/36).
2, 3
Suppose -3*u - n = n - 12, -2*u + 16 = 4*n. Let z be (28/(-21))/(u/(-6)). List the prime factors of ((-9)/12)/(z/(-16)).
3
Let o(v) = -v**3 - 6*v**2 + 6*v - 17. Let c = -80 - -72. What are the prime factors of o(c)?
3, 7
Let k(u) = 2*u + 16. Let c be k(-7). Suppose -c*a - 136 = -3*a. Suppose h = -1, 4*z + 2*h - a = 6*h. List the prime factors of z.
3, 11
Suppose z - 3*w - 11 = 0, 2*z + 3*w = -2*w - 11. Suppose 5*b - 7*h - 265 = -z*h, 0 = -3*b + 5*h + 165. List the prime factors of b.
2, 5
Let p(n) = 60*n**2 + 11*n + 6. What are the prime factors of p(-9)?
3, 7, 227
Let c(g) = -8*g**3 + 2*g**2 + 13*g + 10. What are the prime factors of c(-3)?
5, 41
Suppose -14*j + 15*j = -5*g + 12678, -j = -3. What are the prime factors of g?
3, 5, 13
Let u(m) = 6*m**3 - 7*m**2 + 2*m - 167. List the prime factors of u(9).
2, 31, 59
Let r = -7967 - -12095. What are the prime factors of r?
2, 3, 43
Let i(j) = -j**3 + j**2 + 5*j + 1585. List the prime factors of i(0).
5, 317
Let u be 392 - (2/1)/(-1). Let t = u - 94. What are the prime factors of t?
2, 3, 5
Let k be ((-8)/10)/((-4)/(-190)). Let y = k - 41. Let w = y + 133. What are the prime factors of w?
2, 3
Suppose -280 = -8*a + 136. Let d = 8 + a. List the prime factors of d.
2, 3, 5
Let g = 1069 - 523. What are the prime factors of g?
2, 3, 7, 13
Let v be 2009/(-105) - (-2)/15. Let l = v - -14. Let y(m) = -14*m - 7. What are the prime factors of y(l)?
3, 7
Suppose 0 = t - 8 + 6. Suppose 0 = 5*n - 4*v - 189, t*n = 3*n - 3*v - 40. List the prime factors of n.
37
Let f be (-12)/8*(4 + -6). List the prime factors of 70 + (-5 - -3) - f.
5, 13
Let j(v) = v**2 - 10*v + 12. Let t be j(9). Suppose 3*g = 4*g - t. Suppose 4*o - 24 = -g*b, -o - 2*b - 44 = -5*o. What are the prime factors of o?
3
Let l(z) = -19*z + 6. Let n be l(-9). Suppose -2*o = -n + 33. What are the prime factors of o?
2, 3
Let u be (6/8)/((-18)/112)*6. Let i = u - -54. What are the prime factors of i?
2, 13
Let l = 2732 + -1915. List the prime factors of l.
19, 43
Let v(q) = 65 - 129 + 8*q + 62. Let h be 1/2 - (-22)/4. What are the prime factors of v(h)?
2, 23
Let j(x) = x + 18. Let l be j(8). Suppose l + 52 = 3*a. What are the prime factors of a?
2, 13
Suppose -5*w = 428 + 917. Let v = 427 + w. What are the prime factors of v?
2, 79
Suppose -5840 = -1456*k + 1452*k. List the prime factors of k.
2, 5, 73
Let k(c) = -2*c**2 + 14*c + 4. Let v be k(7). Suppose -4*b + 316 = -3*w + 111, -75 = -b - v*w. What are the prime factors of b?
5, 11
Let c(g) = 5*g + 12. Let a be c(-3). What are the prime factors of 802/5 + a/(-5)?
7, 23
Let a be (1 + 39/15)*(-30)/(-9). List the prime factors of -4 - (-4)/(a/87).
5
Let q(u) = -u**3 + u**2 + 7*u - 3. Let d be q(3). Suppose 4*j + 5*b + 0*b - 119 = d, 122 = 4*j + 2*b. Suppose -g + 8 = -j. List the prime factors of g.
3, 13
Let g(d) = -15*d + 2. Let y be g(-4). Let h = -22 - y. Let v = h + 122. What are the prime factors of v?
2, 19
Suppose w - 8 = -w. Let p be -1 - (0 + 1 + -26). What are the prime factors of 10/w*p/30?
2
Suppose l - 4*p - 23 = 0, 16 = -3*p + 1. Suppose -3*c - 146 = -g - 38, -l*c = -15. List the prime factors of g.
3, 41
Suppose -3*z = 2*z + 5. Let s(d) = -2 + 4 - 5*d - 3*d - 5*d. What are the prime factors of s(z)?
3, 5
Let t be (2/(-4))/(6/(-12)). Let x be (-7 + t + 4)/(-1). Suppose x*o + 8 = 4*o. What are the prime factors of o?
2
Suppose -3*j - 3 + 15 = 0. Let r = -363 + 375. Suppose -d + j*d - r = 0. What are the prime factors of d?
2
Suppose -4*w + w = 18. List the prime factors of ((-365)/15 + 2/w)*-3.
2, 37
Suppose -8*k = -3*k - 10. Suppose 0 = -d - x + 6, 0 = 